{"id":1816,"date":"2023-03-14T22:44:25","date_gmt":"2023-03-14T22:44:25","guid":{"rendered":"https:\/\/www.liuha.fi\/keslem\/?page_id=1816"},"modified":"2023-03-14T22:47:53","modified_gmt":"2023-03-14T22:47:53","slug":"seurakuntavaalit-2023","status":"publish","type":"page","link":"https:\/\/www.liuha.fi\/keslem\/?page_id=1816","title":{"rendered":"Seurakuntavaalit 2023"},"content":{"rendered":"\n<hr class=\"wp-block-separator has-css-opacity is-style-dots\"\/>\n\n\n\n<h2 class=\"has-text-align-center wp-block-heading\">Keskustalainen seurakuntav\u00e4ki<\/h2>\n\n\n\n<div style=\"height:20px\" aria-hidden=\"true\" class=\"wp-block-spacer\"><\/div>\n\n\n\n<p>Olemme seurakunnan j\u00e4seni\u00e4, voimme yhdess\u00e4 olla vaikuttamassa, toimimassa ja osallistumassa niiden arvojen takia, joita kirkko ja seurakunta jo perinteisesti arvostavat.<\/p>\n\n\n\n<p>Raamatussa ja kristinuskon opetuksessa meille on t\u00e4rke\u00e4\u00e4 evankeliumi sek\u00e4 usko, toivo ja l\u00e4himm\u00e4isenrakkaus, sek\u00e4 luomiskertomuksesta ihmisen teht\u00e4v\u00e4 viljell\u00e4 ja varjella.<\/p>\n\n\n\n<p>Ep\u00e4varmoina aikoina kirkko, perinteet ja usko ovat aina olleet tuomassa turvaa ja lohtua arkeen.<\/p>\n\n\n\n<p>Seurakunnan t\u00e4rke\u00e4 teht\u00e4v\u00e4 on tarjota tukea, apua ja toimintaa erilaisiin el\u00e4m\u00e4ntilanteisiin ihan tavallisille ihmisille esimerkiksi kiireiseen lapsiperhearkeen tai yksin\u00e4isyyteen \u2013 henkil\u00f6kohtaisen uskon erilaisuus ei rajoita sit\u00e4, miten seurakunta ihmist\u00e4 palvelee.<\/p>\n\n\n\n<p>Taloudellisten vaikeuksien keskelle joutuneille tai pelkojen ja ep\u00e4varmuuden kanssa el\u00e4ville on t\u00e4ss\u00e4 maailmantilanteessa pystytt\u00e4v\u00e4 tarjoamaan riitt\u00e4v\u00e4sti keskustelu- ja rukoustukea sek\u00e4 aineellista apua.<\/p>\n\n\n\n<p>Kirkon ja seurakunnan on my\u00f6s tulevaisuudessa kyett\u00e4v\u00e4 olemaan haluttu ja arvostettu yhteisty\u00f6kumppani alueen muiden toimijoiden kanssa.<\/p>\n\n\n\n<p>Pid\u00e4mme t\u00e4rkein\u00e4 seurakunnan toiminnassa yhteis\u00f6llisyytt\u00e4 ja osallisuutta. Niit\u00e4 edist\u00e4isimme ihmisi\u00e4 l\u00e4hell\u00e4 olevilla kaikenik\u00e4isille kohdennetuilla matalan kynnyksen tapahtumilla kuten teematilaisuudet, lauluillat, perhekohtaamiset, retket ja s\u00e4\u00e4nn\u00f6lliset nuotioillat.<\/p>\n\n\n\n<p>Seurakunta tavoittaa lis\u00e4\u00e4 asukkaita hyvin matalan kynnyksen tapahtumilla, joihin voidaan pyyt\u00e4\u00e4 my\u00f6s kohdennetuilla ja henkil\u00f6kohtaisilla kutsuilla. Seurakunnan toimintaa esittelev\u00e4t tilaisuudet ja muu tiedottaminen auttavat uusia ja nykyisi\u00e4 asukkaita l\u00f6yt\u00e4m\u00e4\u00e4n toiminnan ja palvelut. Nuorten kerhojen on t\u00e4rke\u00e4\u00e4 olla erityisen matalalla kynnyksell\u00e4 avoimia kaikille.<\/p>\n\n\n\n<p>Haluamme hoitaa seurakuntaa ja sen taloutta vastuullisesti ja pitk\u00e4j\u00e4nteisesti. Mahdollisiin talousvaikeuksiin tulee vastata ns. juustoh\u00f6yl\u00e4-periaatteella tarkkaa harkintaa k\u00e4ytt\u00e4en ja monipuolisen toiminnan jatkuvuudesta kiinni pit\u00e4en.<\/p>\n\n\n\n<p>Pid\u00e4mme hyv\u00e4n\u00e4, ett\u00e4 kirkonm\u00e4ell\u00e4 sijaitsevat jatkossakin seurakuntatalo seurakuntatoimistoineen sek\u00e4 mm. lapsi- ja nuorisoty\u00f6n tiloja. Lis\u00e4ksi tarvitaan riitt\u00e4v\u00e4t paikoitustilat. Kirkko on hengellisen toiminnan sek\u00e4 ihmisel\u00e4m\u00e4n t\u00e4rkeimpien hetkien keskeisen paikka, joka tulee s\u00e4ilytt\u00e4\u00e4 jatkossakin.<\/p>\n\n\n\n<h2 class=\"has-text-align-center wp-block-heading\">Ehdokkaamme seurakuntavaaleissa 2022<\/h2>\n\n\n\n<div style=\"height:20px\" aria-hidden=\"true\" class=\"wp-block-spacer\"><\/div>\n\n\n\n<figure class=\"wp-block-image size-thumbnail\"><a href=\"https:\/\/www.liuha.fi\/keslem\/wp-content\/uploads\/2022\/11\/Eloranta-Paula-.jpg\"><img loading=\"lazy\" decoding=\"async\" width=\"150\" height=\"150\" src=\"https:\/\/www.liuha.fi\/keslem\/wp-content\/uploads\/2022\/11\/Eloranta-Paula--150x150.jpg\" alt=\"\" class=\"wp-image-1802\"\/><\/a><figcaption class=\"wp-element-caption\"><strong>Eloranta Paula | 2 |<\/strong><br>liikunnanohjaaja, 47 vuotta, Lippo<\/figcaption><\/figure>\n\n\n\n<p>Kiireinen lapsiperhearki on muuttunut kolmen aikuisuuden kynnyksell\u00e4 olevan nuoren el\u00e4m\u00e4n suun-nan seuraajaksi ja rinnalla kulkijaksi. P\u00e4ivitt\u00e4isess\u00e4 ty\u00f6ss\u00e4ni toimin l\u00e4hell\u00e4 ihmisi\u00e4, liikunnalliseen el\u00e4m\u00e4ntapaan kannustavana ja toimintaa j\u00e4rjest\u00e4v\u00e4n\u00e4 liikunnanohjaajana. Voimaa arkeeni ker\u00e4\u00e4n maaseudun ihmeit\u00e4 ihmetellen ja kotona taikinakulhoja kolistellen.<\/p>\n\n\n\n<p>Lemp\u00e4\u00e4l\u00e4n seurakunnan toiminnassa on sis\u00e4lt\u00f6\u00e4 koko ihmisen el\u00e4m\u00e4nkaaren ajalle. Toiminta on hel-posti l\u00f6ydett\u00e4viss\u00e4, n\u00e4kyvill\u00e4 ja laaja-alaista. Seurakuntalaisilla on monia mahdollisuuksia osallistua, vaikuttaa toimintoihin ja niiden sis\u00e4lt\u00f6ihin. Toiminnot muokkautuvat jatkuvasti, joustavasti ja ajan tarpeiden mukaisiksi osaavien ty\u00f6ntekij\u00f6iden avulla.<\/p>\n\n\n\n<p>T\u00e4m\u00e4 hetki ja tuleva aika her\u00e4tt\u00e4\u00e4 monen mieless\u00e4 ahdistusta ja pelkoa. Luottavaisin mielin tulevaan suuntaaminen on haasteellista varsin monen kohdalla ik\u00e4\u00e4n katsomatta. Toivon, ett\u00e4 ihmisten koh-taamiselle on aikaa. Keskusteluille ja ajatusten vaihtamiselle tarvitaan tilaisuuksia. Toiminnan j\u00e4rjes-t\u00e4minen, tuen antaminen sek\u00e4 seurakuntalaisten osallistuttaminen auttavat yhteis\u00f6llisen luottamuk-sen ja seurakuntalaisen toivon, eteenp\u00e4in jaksamisen ja el\u00e4m\u00e4n merkityksellisyyden l\u00f6yt\u00e4misess\u00e4.<\/p>\n\n\n\n<figure class=\"wp-block-image size-thumbnail\"><a href=\"https:\/\/www.liuha.fi\/keslem\/wp-content\/uploads\/2022\/11\/karojarvi_hanna_lempaalan_srk-scaled.jpg\"><img loading=\"lazy\" decoding=\"async\" width=\"150\" height=\"150\" src=\"https:\/\/www.liuha.fi\/keslem\/wp-content\/uploads\/2022\/11\/karojarvi_hanna_lempaalan_srk-150x150.jpg\" alt=\"\" class=\"wp-image-1801\" srcset=\"https:\/\/www.liuha.fi\/keslem\/wp-content\/uploads\/2022\/11\/karojarvi_hanna_lempaalan_srk-150x150.jpg 150w, https:\/\/www.liuha.fi\/keslem\/wp-content\/uploads\/2022\/11\/karojarvi_hanna_lempaalan_srk-500x500.jpg 500w\" sizes=\"auto, (max-width: 150px) 100vw, 150px\" \/><\/a><figcaption class=\"wp-element-caption\"><strong>Karoj\u00e4rvi Hanna | 3 |<\/strong><br>kehitt\u00e4misp\u00e4\u00e4llikk\u00f6, 43 vuotta, Vanattara<\/figcaption><\/figure>\n\n\n\n<p>Seurakunnan p\u00e4\u00e4t\u00f6ksenteossa on teht\u00e4v\u00e4 taloudellisesti, ekologisesti ja sosiaalisesti kest\u00e4vi\u00e4 valinto-ja. Ihan jokaisen pit\u00e4\u00e4 voida kokea olevansa tervetullut toimintaan ja tapahtumiin. Turvallisemman tilan periaatteisiin pit\u00e4\u00e4 aidosti sitoutua.<\/p>\n\n\n\n<figure class=\"wp-block-image size-thumbnail\"><a href=\"https:\/\/www.liuha.fi\/keslem\/wp-content\/uploads\/2022\/11\/karki_mikko_lempaalan_srk-1-scaled.jpg\"><img loading=\"lazy\" decoding=\"async\" width=\"150\" height=\"150\" src=\"https:\/\/www.liuha.fi\/keslem\/wp-content\/uploads\/2022\/11\/karki_mikko_lempaalan_srk-1-150x150.jpg\" alt=\"\" class=\"wp-image-1800\" srcset=\"https:\/\/www.liuha.fi\/keslem\/wp-content\/uploads\/2022\/11\/karki_mikko_lempaalan_srk-1-150x150.jpg 150w, https:\/\/www.liuha.fi\/keslem\/wp-content\/uploads\/2022\/11\/karki_mikko_lempaalan_srk-1-500x500.jpg 500w\" sizes=\"auto, (max-width: 150px) 100vw, 150px\" \/><\/a><figcaption class=\"wp-element-caption\"><strong>K\u00e4rki Mikko | 4 |<\/strong><br>maanviljelij\u00e4 evp, 66 vuotta<strong>, S\u00e4ij\u00e4<\/strong><\/figcaption><\/figure>\n\n\n\n<p>Mielest\u00e4ni kunnan ja seurakunnan yhteistoimintaa tulee edelleen jatkaa ja kehitt\u00e4\u00e4. Olen ollut yhteisten asioitten \u00e4\u00e4rell\u00e4 koko ik\u00e4ni. Olen syntynyt suurperheeseen, jossa jokaisella oli paikkansa ja teht\u00e4v\u00e4ns\u00e4. Vanhempani olivat nuoria sotien aikana, is\u00e4ni kaikissa kolmessa sodassa ja \u00e4itini<\/p>\n\n\n\n<p>uurasti &#8221;uudistilalla&#8221; hyvin nuorena em\u00e4nt\u00e4n\u00e4. Olen siis sodat k\u00e4yneen ik\u00e4polven kasvatteja ja se on ly\u00f6nyt leimansa minuunkin ja n\u00e4kyy t\u00f6iss\u00e4ni ja toimissani. Olen my\u00f6s saanut kristillisen kasvatuksen ja olen pit\u00e4nyt sen kasvatuksen t\u00e4rkeist\u00e4 peruspilareista kiinni. Olen ollut koko aikuisik\u00e4ni monissa teht\u00e4viss\u00e4 yhteisten asioitten parissa resurssieni mukaan. Kuntapolitiikassakin kohta 30 vuotta. L\u00e4himm\u00e4isen auttamisen olen oppinut jo kotikasvatuksessa ja aika usein olen saanut<\/p>\n\n\n\n<p>sit\u00e4 toteuttaa. My\u00f6s sukuni aikasempien povien merkkihenkil\u00f6iden, Pietari Kurvisen ja isois\u00e4ni Frans K\u00e4rjen esimerkit lienev\u00e4t vaikuttaneet minun toimiini ja tekoihin ihmisen\u00e4. Toimiessani<\/p>\n\n\n\n<p>kirkkovaltuustossa ja -neuvostossa kirkon\/seurakunnan merkitys kaikille kuntalaisille on kasvanut silmiss\u00e4ni.<\/p>\n\n\n\n<figure class=\"wp-block-image size-thumbnail\"><a href=\"https:\/\/www.liuha.fi\/keslem\/wp-content\/uploads\/2022\/11\/Liuha-Tuukka-Lempaalan-seurakunta-.jpg\"><img loading=\"lazy\" decoding=\"async\" width=\"150\" height=\"150\" src=\"https:\/\/www.liuha.fi\/keslem\/wp-content\/uploads\/2022\/11\/Liuha-Tuukka-Lempaalan-seurakunta--150x150.jpg\" alt=\"\" class=\"wp-image-1803\" srcset=\"https:\/\/www.liuha.fi\/keslem\/wp-content\/uploads\/2022\/11\/Liuha-Tuukka-Lempaalan-seurakunta--150x150.jpg 150w, https:\/\/www.liuha.fi\/keslem\/wp-content\/uploads\/2022\/11\/Liuha-Tuukka-Lempaalan-seurakunta--500x500.jpg 500w\" sizes=\"auto, (max-width: 150px) 100vw, 150px\" \/><\/a><figcaption class=\"wp-element-caption\"><strong>Tuukka Liuha | 5 |<\/strong><br>tradenomi, yritt\u00e4j\u00e4, 42 vuotta, Herrala\/Lempoinen<\/figcaption><\/figure>\n\n\n\n<p>Olen monessa mukana oleva yhteiskunnallisesti aktiivinen yritt\u00e4j\u00e4, koska yhteisten asioitten hoitaminen on mielenkiintoista. Seurakunnassa olen ollut mukana pienest\u00e4 l\u00e4htien ja pid\u00e4n uskoa itselleni t\u00e4rke\u00e4n\u00e4.<\/p>\n\n\n\n<p> Haluan olla mukana luomassa yhteis\u00f6\u00e4, joka ei j\u00e4t\u00e4 ket\u00e4\u00e4n yksin ja on rinnalla my\u00f6s heikkoina hetkin\u00e4. Seurakunnalla on sanomansa kautta keskeinen teht\u00e4v\u00e4 tuoda toivoa ja iloa my\u00f6s vaikeina aikoina. Sen ovien tulee olla avoinna ja kutsun selv\u00e4, jokainen kelpaa Herralle sellaisena kuin on. <\/p>\n\n\n\n<p>Diakonia- ja l\u00e4hetysty\u00f6 ovat keskeisess\u00e4 asemassa inhimillisemm\u00e4n arjen ja kristillisen ihmisk\u00e4sityksen eteenp\u00e4in viejin\u00e4. <\/p>\n\n\n\n<p>Toiminta lasten ja nuorten kanssa siirt\u00e4\u00e4 arvoja ja sanomaa eteenp\u00e4in sek\u00e4 vahvistaa perustaa tulevaisuudelle. <\/p>\n\n\n\n<p>Jotta jatkuvuus ja ty\u00f6 on mahdollista, seurakunnan taloutta pit\u00e4\u00e4 hoitaa pitk\u00e4j\u00e4nteisesti ja vastuullisesti. Samalla kun luodaan my\u00f6nteinen ty\u00f6ilmapiiri ja toiminnan edellytykset t\u00e4ss\u00e4 hetkess\u00e4, katseen pit\u00e4\u00e4 olla my\u00f6s pitk\u00e4ll\u00e4 tulevissa vuosissa.<\/p>\n\n\n\n<figure class=\"wp-block-image size-thumbnail\"><a href=\"https:\/\/www.liuha.fi\/keslem\/wp-content\/uploads\/2022\/11\/makinen_riitta_lempaalan_srk-scaled.jpg\"><img decoding=\"async\" src=\"https:\/\/www.liuha.fi\/keslem\/wp-content\/uploads\/2022\/11\/makinen_riitta_lempaalan_srk-150x150.jpg\" alt=\"\" class=\"wp-image-1804\"\/><\/a><figcaption class=\"wp-element-caption\"><strong>M\u00e4kinen Riitta | 6 |<\/strong><br>tietokirjailija, 70 vuotta, Mattila\/Miemola<\/figcaption><\/figure>\n\n\n\n<p>Seurakunnan toiminta on hyvin moninaista, mutta hallinnossa ratkaistavat asiat enimm\u00e4kseen k\u00e4yt\u00e4nn\u00f6llisi\u00e4, kuten tila-asioita. Periaatteellisempaa on budjetin painotukset. N\u00e4ihin olen saanut tuntumaa ensimm\u00e4isen\u00e4 varavaltuutettuna.<\/p>\n\n\n\n<p>Olen kuulunut my\u00f6s musiikkipajaan, jossa ideoidaan ja arvioidaan seurakunnan musiikillista julistusta. Siell\u00e4 ajattelen edustavani kuuntelevaa, veisaavaakin riviseurakuntalaista varsinaisten musiikki-ihmisten joukossa. Jatkan mielell\u00e4ni, jos saan luottamusta.<\/p>\n\n\n\n<figure class=\"wp-block-image size-thumbnail\"><a href=\"https:\/\/www.liuha.fi\/keslem\/wp-content\/uploads\/2022\/11\/Ruuna-Juha-.jpg\"><img loading=\"lazy\" decoding=\"async\" width=\"150\" height=\"150\" src=\"https:\/\/www.liuha.fi\/keslem\/wp-content\/uploads\/2022\/11\/Ruuna-Juha--150x150.jpg\" alt=\"\" class=\"wp-image-1805\"\/><\/a><figcaption class=\"wp-element-caption\"><strong>Ruuna Juha | 7 |<\/strong><br>maatalousyritt\u00e4j\u00e4, 51 vuotta, Nurmi<\/figcaption><\/figure>\n\n\n\n<p>Yhden kauden istuneena olen kyll\u00e4 melko hyvin kartalla miss\u00e4 seurakunnan tulevaisuuden haasteet ovat. Uskon kuitenkin ett\u00e4 n\u00e4in\u00e4 vaikeina aikoina yhdess\u00e4 muiden valtuutettujen kanssa seurakunta tulee s\u00e4ilytt\u00e4m\u00e4\u00e4n paikkansa t\u00e4ss\u00e4kin kunnassa ja ihmiset l\u00f6yt\u00e4v\u00e4t kirkon avukseen.<\/p>\n\n\n\n<figure class=\"wp-block-image size-thumbnail\"><a href=\"https:\/\/www.liuha.fi\/keslem\/wp-content\/uploads\/2022\/11\/suomela_janne_lempaalan_srk-scaled.jpg\"><img loading=\"lazy\" decoding=\"async\" width=\"150\" height=\"150\" src=\"https:\/\/www.liuha.fi\/keslem\/wp-content\/uploads\/2022\/11\/suomela_janne_lempaalan_srk-150x150.jpg\" alt=\"\" class=\"wp-image-1806\" srcset=\"https:\/\/www.liuha.fi\/keslem\/wp-content\/uploads\/2022\/11\/suomela_janne_lempaalan_srk-150x150.jpg 150w, https:\/\/www.liuha.fi\/keslem\/wp-content\/uploads\/2022\/11\/suomela_janne_lempaalan_srk-500x500.jpg 500w\" sizes=\"auto, (max-width: 150px) 100vw, 150px\" \/><\/a><figcaption class=\"wp-element-caption\"><strong>Suomela Janne | 8 |<\/strong><br>rakennusmies, 54 vuotta, Lempoinen<\/figcaption><\/figure>\n\n\n\n<p>Haluan olla positiivinen ja luoda positiivista ilmapiiri\u00e4. Lis\u00e4ksi osaan ottaa muutkin huomioon. Luonteeltani olen rehti, avulias ja kuulevainen.<\/p>\n\n\n\n<figure class=\"wp-block-image size-thumbnail\"><a href=\"https:\/\/www.liuha.fi\/keslem\/wp-content\/uploads\/2022\/11\/trast_ritva_lempaalan_srk-scaled.jpg\"><img loading=\"lazy\" decoding=\"async\" width=\"150\" height=\"150\" src=\"https:\/\/www.liuha.fi\/keslem\/wp-content\/uploads\/2022\/11\/trast_ritva_lempaalan_srk-150x150.jpg\" alt=\"\" class=\"wp-image-1807\" srcset=\"https:\/\/www.liuha.fi\/keslem\/wp-content\/uploads\/2022\/11\/trast_ritva_lempaalan_srk-150x150.jpg 150w, https:\/\/www.liuha.fi\/keslem\/wp-content\/uploads\/2022\/11\/trast_ritva_lempaalan_srk-500x500.jpg 500w\" sizes=\"auto, (max-width: 150px) 100vw, 150px\" \/><\/a><figcaption class=\"wp-element-caption\"><strong>Trast Ritva | 9 | <\/strong>sit.<br>el\u00e4kel\u00e4inen, 69 vuotta, Lempoinen<\/figcaption><\/figure>\n\n\n\n<p>Seurakunnan tulee olla paikka, minne kaikki ovat tervetulleita. Ket\u00e4\u00e4n ei saa j\u00e4tt\u00e4\u00e4 tuntemaan itse\u00e4\u00e4n ulkopuoliseksi.<br>Seurakunnan ja kirkon sanoman on tuotava turvaa ja pysyvyytt\u00e4 t\u00e4ss\u00e4 ep\u00e4varmassa maailmantilanteessa. Ja kirkon toiminnan on perustuttava Raamatun oppiin.<\/p>\n\n\n\n<div style=\"height:26px\" aria-hidden=\"true\" class=\"wp-block-spacer\"><\/div>\n\n\n\n<hr class=\"wp-block-separator has-text-color has-luminous-vivid-amber-color has-css-opacity has-luminous-vivid-amber-background-color has-background is-style-default\"\/>\n","protected":false},"excerpt":{"rendered":"<p>Keskustalainen seurakuntav\u00e4ki Olemme seurakunnan j\u00e4seni\u00e4, voimme yhdess\u00e4 olla vaikuttamassa, toimimassa ja osallistumassa niiden arvojen takia, joita kirkko ja seurakunta jo perinteisesti arvostavat. Raamatussa ja kristinuskon opetuksessa meille on t\u00e4rke\u00e4\u00e4 evankeliumi sek\u00e4 usko, toivo ja l\u00e4himm\u00e4isenrakkaus, sek\u00e4 luomiskertomuksesta ihmisen teht\u00e4v\u00e4 viljell\u00e4 ja varjella. Ep\u00e4varmoina aikoina kirkko, perinteet ja usko ovat aina olleet tuomassa turvaa ja lohtua arkeen. Seurakunnan t\u00e4rke\u00e4 teht\u00e4v\u00e4 on\u2026<\/p>\n<p> <a class=\"continue-reading-link\" href=\"https:\/\/www.liuha.fi\/keslem\/?page_id=1816\"><span>Jatka lukemista<\/span><i class=\"crycon-right-dir\"><\/i><\/a> <\/p>\n","protected":false},"author":1,"featured_media":0,"parent":67,"menu_order":0,"comment_status":"closed","ping_status":"closed","template":"","meta":{"footnotes":""},"class_list":["post-1816","page","type-page","status-publish","hentry"],"_links":{"self":[{"href":"https:\/\/www.liuha.fi\/keslem\/index.php?rest_route=\/wp\/v2\/pages\/1816","targetHints":{"allow":["GET"]}}],"collection":[{"href":"https:\/\/www.liuha.fi\/keslem\/index.php?rest_route=\/wp\/v2\/pages"}],"about":[{"href":"https:\/\/www.liuha.fi\/keslem\/index.php?rest_route=\/wp\/v2\/types\/page"}],"author":[{"embeddable":true,"href":"https:\/\/www.liuha.fi\/keslem\/index.php?rest_route=\/wp\/v2\/users\/1"}],"replies":[{"embeddable":true,"href":"https:\/\/www.liuha.fi\/keslem\/index.php?rest_route=%2Fwp%2Fv2%2Fcomments&post=1816"}],"version-history":[{"count":1,"href":"https:\/\/www.liuha.fi\/keslem\/index.php?rest_route=\/wp\/v2\/pages\/1816\/revisions"}],"predecessor-version":[{"id":1817,"href":"https:\/\/www.liuha.fi\/keslem\/index.php?rest_route=\/wp\/v2\/pages\/1816\/revisions\/1817"}],"up":[{"embeddable":true,"href":"https:\/\/www.liuha.fi\/keslem\/index.php?rest_route=\/wp\/v2\/pages\/67"}],"wp:attachment":[{"href":"https:\/\/www.liuha.fi\/keslem\/index.php?rest_route=%2Fwp%2Fv2%2Fmedia&parent=1816"}],"curies":[{"name":"wp","href":"https:\/\/api.w.org\/{rel}","templated":true}]}}