{"id":157,"date":"2016-04-11T07:51:28","date_gmt":"2016-04-11T07:51:28","guid":{"rendered":"http:\/\/www.liuha.fi\/keslem\/?page_id=157"},"modified":"2026-02-18T22:45:14","modified_gmt":"2026-02-18T22:45:14","slug":"suomen-keskusta-rp","status":"publish","type":"page","link":"https:\/\/www.liuha.fi\/keslem\/?page_id=157","title":{"rendered":"Suomen Keskusta rp."},"content":{"rendered":"<p>Keskusta on moninkertainen p\u00e4\u00e4ministeripuolue, jolla takanaan yli sata vuotta vaikuttamista.<\/p>\n<p>Keskustan korkein p\u00e4\u00e4tt\u00e4v\u00e4 elin on joka toinen vuosi kokoontuva puoluekokous. Yhten\u00e4 maailman suurimmista poliittisista kokouksista se ker\u00e4\u00e4 yhteen jopa 3000 keskustalaista ymp\u00e4ri Suomen valitsemaan puoluejohtoa ja p\u00e4\u00e4tt\u00e4m\u00e4\u00e4n Keskustan poliittisesta linjasta. Jokainen paikallisyhdistys ja j\u00e4senj\u00e4rjest\u00f6 voi nimet\u00e4 \u00e4\u00e4nivaltaisia edustajia kokoukseen j\u00e4senm\u00e4\u00e4r\u00e4ns\u00e4 suhteessa ja jokaisella Keskustan j\u00e4senell\u00e4 on oikeus osallistua puoluekokoukseen.<\/p>\n<p>Puoluekokousten v\u00e4lill\u00e4 korkein p\u00e4\u00e4tt\u00e4v\u00e4 elin on piirij\u00e4rjest\u00f6jen edustajista koostuva puoluevaltuusto, joka kokoontuu kahdesti vuodessa. Tarvittaessa puoluevaltuusto kokoontuu my\u00f6s p\u00e4\u00e4tt\u00e4m\u00e4\u00e4n Keskustan hallituksessa olemisesta tai oppositioon siirtymisest\u00e4. Pirkanmaalta puoluevaltuustoon on valittu 2024-2026 seitsem\u00e4n edustajaa, yhten\u00e4 <a href=\"http:\/\/www.liuha.fi\" target=\"_blank\" rel=\"noopener noreferrer\">Tuukka Liuha<\/a> Lemp\u00e4\u00e4l\u00e4st\u00e4.<\/p>\n<p>Puolueen toimintaa johtaa puheenjohtajan vet\u00e4m\u00e4 puoluehallitus, jossa jokaisella piirill\u00e4 sek\u00e4 sisarj\u00e4rjest\u00f6ill\u00e4 on yksi edustaja. Lemp\u00e4\u00e4l\u00e4st\u00e4 puoluehallituksen j\u00e4senin\u00e4 on toiminut useita Pirkanmaan puheenjohtajia.<\/p>\n<p>Lis\u00e4tietoa Keskustan toiminnasta ja politiikasta sek\u00e4 yhteystietoja l\u00f6yd\u00e4t k\u00e4tevimmin Keskustan sivuilta <a href=\"http:\/\/www.keskusta.fi\" target=\"_blank\" rel=\"noopener noreferrer\">WWW.KESKUSTA.FI<\/a><\/p>\n","protected":false},"excerpt":{"rendered":"<p>Keskusta on moninkertainen p\u00e4\u00e4ministeripuolue, jolla takanaan yli sata vuotta vaikuttamista. Keskustan korkein p\u00e4\u00e4tt\u00e4v\u00e4 elin on joka toinen vuosi kokoontuva puoluekokous. Yhten\u00e4 maailman suurimmista poliittisista kokouksista se ker\u00e4\u00e4 yhteen jopa 3000 keskustalaista ymp\u00e4ri Suomen valitsemaan puoluejohtoa ja p\u00e4\u00e4tt\u00e4m\u00e4\u00e4n Keskustan poliittisesta linjasta. Jokainen paikallisyhdistys ja j\u00e4senj\u00e4rjest\u00f6 voi nimet\u00e4 \u00e4\u00e4nivaltaisia edustajia kokoukseen j\u00e4senm\u00e4\u00e4r\u00e4ns\u00e4 suhteessa ja jokaisella Keskustan j\u00e4senell\u00e4 on oikeus osallistua puoluekokoukseen. Puoluekokousten\u2026<\/p>\n<p> <a class=\"continue-reading-link\" href=\"https:\/\/www.liuha.fi\/keslem\/?page_id=157\"><span>Jatka lukemista<\/span><i class=\"crycon-right-dir\"><\/i><\/a> <\/p>\n","protected":false},"author":1,"featured_media":0,"parent":100,"menu_order":0,"comment_status":"closed","ping_status":"closed","template":"","meta":{"footnotes":""},"class_list":["post-157","page","type-page","status-publish","hentry"],"_links":{"self":[{"href":"https:\/\/www.liuha.fi\/keslem\/index.php?rest_route=\/wp\/v2\/pages\/157","targetHints":{"allow":["GET"]}}],"collection":[{"href":"https:\/\/www.liuha.fi\/keslem\/index.php?rest_route=\/wp\/v2\/pages"}],"about":[{"href":"https:\/\/www.liuha.fi\/keslem\/index.php?rest_route=\/wp\/v2\/types\/page"}],"author":[{"embeddable":true,"href":"https:\/\/www.liuha.fi\/keslem\/index.php?rest_route=\/wp\/v2\/users\/1"}],"replies":[{"embeddable":true,"href":"https:\/\/www.liuha.fi\/keslem\/index.php?rest_route=%2Fwp%2Fv2%2Fcomments&post=157"}],"version-history":[{"count":7,"href":"https:\/\/www.liuha.fi\/keslem\/index.php?rest_route=\/wp\/v2\/pages\/157\/revisions"}],"predecessor-version":[{"id":1917,"href":"https:\/\/www.liuha.fi\/keslem\/index.php?rest_route=\/wp\/v2\/pages\/157\/revisions\/1917"}],"up":[{"embeddable":true,"href":"https:\/\/www.liuha.fi\/keslem\/index.php?rest_route=\/wp\/v2\/pages\/100"}],"wp:attachment":[{"href":"https:\/\/www.liuha.fi\/keslem\/index.php?rest_route=%2Fwp%2Fv2%2Fmedia&parent=157"}],"curies":[{"name":"wp","href":"https:\/\/api.w.org\/{rel}","templated":true}]}}