{"id":100,"date":"2016-03-04T19:57:53","date_gmt":"2016-03-04T19:57:53","guid":{"rendered":"http:\/\/www.liuha.fi\/keslem\/?page_id=100"},"modified":"2016-11-17T19:59:53","modified_gmt":"2016-11-17T19:59:53","slug":"me","status":"publish","type":"page","link":"https:\/\/www.liuha.fi\/keslem\/?page_id=100","title":{"rendered":"Me"},"content":{"rendered":"<p><strong>Suomen Keskustan toiminnan perusta ja sis\u00e4ll\u00f6n l\u00e4hde olemme me j\u00e4senet<\/strong>, jotka annamme puolueelle kasvot ja \u00e4\u00e4nen sen toimiessa kaikilla tasoilla, kyl\u00e4asioista aina valtakunnanpolitiikkaan ja EU:iin asti. Keskustan j\u00e4rjest\u00f6rakenne perustuu ajatukseen kansanvallasta, joka etenee alhaalta yl\u00f6sp\u00e4in aina korkeinpaan p\u00e4\u00e4t\u00f6ksentekotasoon asti.<\/p>\n<p><strong>Keskustan j\u00e4rjest\u00f6toimintaa on kolmella tasolla.<\/strong> Kunnissa toimivat alueelliset paikalliyhdistykset sek\u00e4 kunnallisj\u00e4rjest\u00f6t. Maakunnallinen toiminta ja yhteisty\u00f6 tapahtuu piirij\u00e4rjest\u00f6ss\u00e4 ja valtakunnallinen toiminta itse puolueen ja puoluetoimiston kautta.<\/p>\n<p>Oheisilta sivuilta l\u00f6yd\u00e4t tietoa Keskustaj\u00e4rjest\u00f6ist\u00e4 ja meid\u00e4n toiminnastamme Lemp\u00e4\u00e4l\u00e4ss\u00e4 sek\u00e4 laajemmin. Helpointa meihin tutustuminen onnistuu tulemalla juttelemaan arjessa tai tapahtumissa tai ottamalla yhteytt\u00e4.<\/p>\n<blockquote>\n<p style=\"text-align: center;\"><strong>Keskustan ovet ovat avoinna uusille ihmisille ja ideoille. <\/strong><\/p>\n<p style=\"text-align: center;\"><strong>Tervetuloa mukaan tekem\u00e4\u00e4n parempaa huomista meille kaikille!<\/strong><\/p>\n<\/blockquote>\n<p>&nbsp;<\/p>\n<p>&nbsp;<\/p>\n","protected":false},"excerpt":{"rendered":"<p>Suomen Keskustan toiminnan perusta ja sis\u00e4ll\u00f6n l\u00e4hde olemme me j\u00e4senet, jotka annamme puolueelle kasvot ja \u00e4\u00e4nen sen toimiessa kaikilla tasoilla, kyl\u00e4asioista aina valtakunnanpolitiikkaan ja EU:iin asti. Keskustan j\u00e4rjest\u00f6rakenne perustuu ajatukseen kansanvallasta, joka etenee alhaalta yl\u00f6sp\u00e4in aina korkeinpaan p\u00e4\u00e4t\u00f6ksentekotasoon asti. Keskustan j\u00e4rjest\u00f6toimintaa on kolmella tasolla. Kunnissa toimivat alueelliset paikalliyhdistykset sek\u00e4 kunnallisj\u00e4rjest\u00f6t. Maakunnallinen toiminta ja yhteisty\u00f6 tapahtuu piirij\u00e4rjest\u00f6ss\u00e4 ja valtakunnallinen toiminta itse\u2026<\/p>\n<p> <a class=\"continue-reading-link\" href=\"https:\/\/www.liuha.fi\/keslem\/?page_id=100\"><span>Jatka lukemista<\/span><i class=\"crycon-right-dir\"><\/i><\/a> <\/p>\n","protected":false},"author":1,"featured_media":0,"parent":0,"menu_order":0,"comment_status":"closed","ping_status":"closed","template":"","meta":{"footnotes":""},"class_list":["post-100","page","type-page","status-publish","hentry"],"_links":{"self":[{"href":"https:\/\/www.liuha.fi\/keslem\/index.php?rest_route=\/wp\/v2\/pages\/100","targetHints":{"allow":["GET"]}}],"collection":[{"href":"https:\/\/www.liuha.fi\/keslem\/index.php?rest_route=\/wp\/v2\/pages"}],"about":[{"href":"https:\/\/www.liuha.fi\/keslem\/index.php?rest_route=\/wp\/v2\/types\/page"}],"author":[{"embeddable":true,"href":"https:\/\/www.liuha.fi\/keslem\/index.php?rest_route=\/wp\/v2\/users\/1"}],"replies":[{"embeddable":true,"href":"https:\/\/www.liuha.fi\/keslem\/index.php?rest_route=%2Fwp%2Fv2%2Fcomments&post=100"}],"version-history":[{"count":15,"href":"https:\/\/www.liuha.fi\/keslem\/index.php?rest_route=\/wp\/v2\/pages\/100\/revisions"}],"predecessor-version":[{"id":645,"href":"https:\/\/www.liuha.fi\/keslem\/index.php?rest_route=\/wp\/v2\/pages\/100\/revisions\/645"}],"wp:attachment":[{"href":"https:\/\/www.liuha.fi\/keslem\/index.php?rest_route=%2Fwp%2Fv2%2Fmedia&parent=100"}],"curies":[{"name":"wp","href":"https:\/\/api.w.org\/{rel}","templated":true}]}}